 the first derivative of 7*p**4 + p**3/3 + 9*p**2/2 + 8*p + 2034. Determine q(-1).
-28
Let u(w) = 3*w - 96054 + 96084 + 36*w. Calculate u(0).
30
Suppose 23 = c + 2*s, 2*c + 11*s = 8*s + 43. Let j(p) = 6 + p + c*p**3 - 16*p**3 - 17*p**2 + 11*p**2. Calculate j(5).
-14
Let d(r) = r**3 + 4*r**2 + 34. Suppose -22*n + 12*n = -5*n + 25. Calculate d(n).
9
Let n(r) = -1896 + 6449 - 1740 - 185*r - 1705. Determine n(6).
-2
Let r(z) be the first derivative of -98 + 5/3*z**3 - 3*z**2 + z - 1/4*z**4. Determine r(4).
-7
Let v(c) be the third derivative of -c**6/120 + 7*c**4/24 + 5*c**3/3 + 119*c**2. Let o(t) = t**3 - t**2 - 6*t - 8. Let b(n) = 7*o(n) + 6*v(n). What is b(7)?
4
Let t = 8827 + -8827. Let f(q) be the third derivative of -8*q**2 + 0*q - 3/8*q**4 + 3/2*q**3 + t + 2/15*q**5 - 1/120*q**6. Calculate f(7).
-5
Let n(q) = -19*q + 9. Let j(b) = -52*b + 20. Let m(w) = 4*j(w) - 11*n(w). What is m(7)?
-12
Let m(c) = c**2 + 7*c - 6. Let i = -9193 + 9186. Determine m(i).
-6
Let o be -564*15/(-1620) - (-4)/(-18). Let f(n) = -19*n + 90. Calculate f(o).
-5
Let j(s) = -18*s - 22*s - 5 - 15*s + 7*s**3 + 53*s - s**2. Let i(q) = -22*q**3 + 4*q**2 + 7*q + 17. Let a(f) = -2*i(f) - 7*j(f). Calculate a(1).
-5
Let j(m) = 8*m**3 - 15*m**2 + 13*m - 8. Let r(x) = -15*x**3 + 31*x**2 - 26*x + 16. Let k(f) = 9*j(f) + 5*r(f). Give k(6).
2
Let d(n) = 7*n**3 - 41*n**2 + 425*n - 10. Let w(v) = -6*v**3 + 40*v**2 - 340*v + 10. Let i(g) = -4*d(g) - 5*w(g). Give i(18).
-10
Let j be ((-8)/(-20))/(5 - 870/175). Let d(c) = -c**3 + 12*c**2 + 27*c + 20. What is d(j)?
6
Suppose -16*v - 3*v = -0*v + 76. Let h(r) = -r**3 + 17. Give h(v).
81
Let z(o) be the first derivative of -o**3/3 + 13*o**2/2 + 18*o - 106. Determine z(15).
-12
Let x(v) = v**2 + 19. Let f(p) = -2*p - 3. Let g be f(-1). Let c be (1 + g)/(19 + -20). Determine x(c).
19
Let c(g) = -g**3 - g + 1. Let f(k) = -6*k**3 + 16*k**2 - 32*k - 10. Let a(l) = -5*c(l) + f(l). Let n be 2316/168 + (-39)/9282*-51. Determine a(n).
-1
Let w(k) = 10*k + 7. Let v(o) = -6 + 2 + 5. Let a(z) = 6*v(z) - w(z). Let y(i) = i**3 - 8*i**2 - 2*i + 14. Let j be y(8). What is a(j)?
19
Let x(r) be the third derivative of 0*r**5 + 0 - 11/3*r**3 + 0*r + 1/24*r**4 + 1/30*r**6 - 7*r**2. Let h(w) be the first derivative of x(w). Determine h(-1).
13
Suppose -37 + 105 = 4*y. Let f(i) = i**2 + 12*i - 9. Let a be f(-14). Suppose -10 = -y*x + a*x. Let c(h) = h + 3. Calculate c(x).
-2
Let t(c) = -c**3 + 2*c**2 + c + 31. Suppose 0 = -1195*m + 1196*m. Give t(m).
31
Let l(o) be the first derivative of -o**4/4 - 11*o**3/3 + 21*o**2 + 10*o - 347. Determine l(-14).
10
Let m(y) be the second derivative of -y**5/20 + y**4/3 - y**3/3 - 37*y - 5. Let b(f) = -4*f - 33. Let x be b(-9). What is m(x)?
3
Suppose 34*r - 52*r + 72 = 0. Let l(y) be the second derivative of 0 + 1/2*y**3 + 0*y**2 + 1/4*y**r + 1/20*y**5 - 2*y. Determine l(-3).
-9
Let l(c) be the first derivative of 3*c**2/2 - 7*c - 4855. Give l(-14).
-49
Let x = 1071 + -1071. Let c(v) = -6*v + 2. Give c(x).
2
Let c = -4 + 6. Let d = 1389 - 1388. Let m(j) = -459*j + 229*j - d + 235*j. Determine m(c).
9
Suppose 10*g - 5*c - 46 = 14*g, -12 = 2*c. Let b(w) = 3*w**2 + 14*w + 7. Calculate b(g).
-1
Let k(z) be the first derivative of -z**4/4 + 3*z**3 - 7*z**2/2 - 2*z - 2016. Calculate k(4).
50
Suppose 10*a - 12 = 6*a. Let s be -6 + (1 + (a - 7) - -7). Let y(k) = 6*k + 2. What is y(s)?
-10
Let d(u) = 16757 - 33518 + 16765 - 2*u. Let s = -26 + 43. Suppose -1 = -k + z, 3*z = k - 2*k + s. Calculate d(k).
-6
Suppose -3*z + c - 11 = 1, 3*z = -c - 18. Let j(x) be the first derivative of 6*x + 1/2*x**2 - 25. Calculate j(z).
1
Let m(u) = u**2 - 4*u - 14. Suppose 10*b = 4*c + 13*b - 39, 4*b = 2*c + 8. What is m(c)?
-2
Let v(f) be the second derivative of f**4 + 5*f**3/6 - 3274*f. Determine v(-2).
38
Let p be (15/6)/(3/(-45 - 9)). Let a be ((-56)/(-12))/(30/p). Let v(x) = x + 12. Calculate v(a).
5
Let u(w) = -w + 16104 - 32193 + 16164. What is u(32)?
43
Let t = -260 + 263. Let q(h) = 0*h + 180 - 2*h**t + 2*h - 179. Give q(-1).
1
Let i be 3/(-4) - (1 - (-765)/(-12)). Let s = i + -44. Suppose 4*w = 2*x - 12, 3*x = -2*w - 0*w + s. Let d(o) = o + 1. Calculate d(x).
7
Let a(w) = -150*w - 159*w - w**2 - 33 + 483*w - 163*w. Calculate a(7).
-5
Let j(w) be the second derivative of w**4/12 + 19*w**3/6 - 9*w**2 + 6096*w. Calculate j(-19).
-18
Let g(h) = 6*h + 29. Suppose -40*x + 1901 = 2141. Calculate g(x).
-7
Let j(q) be the first derivative of q**4/4 - 10*q**3/3 + 5*q**2 - 5*q + 35. Let k be -2*(4/(-28) - (-244)/(-56)). Give j(k).
4
Suppose 2*u - 40 = 5*m, u + 63 = -5*m + 8. Let j(y) = y**2 + 16*y + 64. Give j(m).
4
Let f(r) = 5*r - 23*r + 7 + 5*r + 6*r. Let n(m) = -10*m + 8. Let y(u) = 5*f(u) - 4*n(u). Let c be (-3)/(5 + -2) + -2. What is y(c)?
-12
Let w(l) be the third derivative of -l**5/60 - l**4/12 - l**3/6 - l**2. Suppose -3*y + 21 = 3*v, 1114 = 3*v + 2*y + 1102. What is w(v)?
-1
Let g(t) = -225*t + 905. Let c be g(4). Let h(u) = -5*u + 29. What is h(c)?
4
Suppose -4*d = -5*i - 9, -5*i - 17 - 16 = 2*d. Let r = -39 + 41. Let q(j) = -9*j**2 - r - 5*j + j**2 + j**3 + 15*j**2 - 3*j**2. Give q(i).
-2
Let g(o) = -o**3 - 3*o - 3. Suppose 0*t - 4*n = 4*t - 368, -4*t + 4*n + 392 = 0. Suppose -t - 24 = -7*p. Let c(l) = -2*l + 32. Let y be c(p). Determine g(y).
11
Let t(x) be the third derivative of -5*x**4/24 - 59*x**3/6 + 251*x**2. Let n(l) = -2*l - 20. Let w(j) = 8*n(j) - 3*t(j). What is w(7)?
10
Suppose f - 25 = -5*l, -592*l + f + 15 = -589*l. Let g(d) = 2*d**2 - 7*d + 11. Determine g(l).
26
Let a(o) = 66*o**2 - 16*o - 13. Let h(w) = -27*w**2 + 7*w + 6. Let i(m) = 2*a(m) + 5*h(m). Calculate i(-2).
-14
Let y(b) = b**2 + 7*b + 7. Let l be -4*11/(198/27). Let c be ((-26)/8)/(7/28) - l. What is y(c)?
7
Let f(a) = -52*a - 4 - 56*a + 9 + 420*a**2 - 419*a**2 - 56*a + 153*a. Suppose -w + 6 = -0*w. Determine f(w).
-25
Let w(l) = l + 1 - l + l. Let f = 156 - 161. Let t be (1 - 0 - -3)*(f - -3). What is w(t)?
-7
Let x(q) = 4*q**3 + 31*q**2 + 29*q + 213. Let f(w) = w**3 + 8*w**2 + 7*w + 53. Let l(d) = -9*f(d) + 2*x(d). Calculate l(-10).
-1
Let i be 2*(-1)/4*-14. Let m(w) = w - 1. Let q(v) = -7*v + 33. Let o(p) = 2*m(p) + q(p). Let k be o(i). Let j(z) = -6*z - 1. Calculate j(k).
23
Let z(c) = 811*c**3 - 1 - 157*c**3 - 185*c**3 + c - 155*c**3 + c**2 - 157*c**3 - 161*c**3. Suppose 3 = -b + 4. Give z(b).
-3
Let t(c) = c + 26. Let q be t(-16). Let s be ((-2)/5)/((-11)/q - -1). Let j(x) = 3*x - 6. Calculate j(s).
6
Let x(z) be the first derivative of z**4/4 - 4*z**3/3 - 7*z**2/2 + 3*z - 6028. Let q = 1 + 4. Give x(q).
-7
Let z(n) = -2*n - 1 + 4 + n. Let s be (-1)/(-4) - (1 + (-86)/8). Suppose -14*b + 46 = -s. Give z(b).
-1
Let v(n) be the first derivative of n**4/4 - 8*n**3/3 + n**2 - 2992. Calculate v(8).
16
Let f = 23 - 26. Let t be ((-1)/f)/(11/198). Let i(b) = 5 + 1 + 4*b - t + 1. What is i(1)?
5
Let f(u) = -10*u - 160. Suppose -2*o + 158 = -10*t, 5*t - 215*o + 217*o = -97. What is f(t)?
10
Let y = -4121 + 4111. Let o(g) = -g**2 - 13*g - 42. Calculate o(y).
-12
Suppose -6*t + 14*t + 16 = 0. Let y(o) = o**3 - 3*o**2 + 8*o + 8. Let w(i) = i**3 - 4*i**2 + 9*i + 10. Let c(x) = 6*w(x) - 7*y(x). Determine c(t).
4
Let c be 3*(-2)/(-30) - 483/(-35). Let o(v) = -3 - 3*v + c - 3. Give o(7).
-13
Let u be ((-18)/(-10))/((-9)/(-15)) - 10. Let r(o) = o**3 + 5*o**2 - 5*o + 28. Give r(u).
-35
Let r(a) = -a**2 - a + 22. Let y be r(-5). Let z(o) = 506*o - 502*o + o**2 - y*o**2. Determine z(4).
0
Let q be 97/(-5) - (-20)/50. Let y = q + 25. Let c(g) = 2 + 10 + g - 5 - y. Calculate c(-1).
0
Let f(h) = h**3 - 7*h**2 + 7*h - 8. Let m(u) = -u**3 - 10*u**2 - 14*u + 19. Let i be m(-7). Let l = i + 36. Calculate f(l).
-2
Let g(y) = y + 23. Let o be g(-22). Let c(f) be the second derivative of f**5/10 - f**4/12 + f**3/6 - f - 21. Calculate c(o).
2
Let p = -13 + 18. Let n(s) = 34 - 125 + 30 + 31 + 7*s + 4*s**2 - s**3 + 28. Determine n(p).
8
Suppose -37*z = -51 - 134. Suppose z*y = q - 39, 4*y + q = 3*y - 3. Let m(f) = f**2 + 8*f + 16. What is m(y)?
9
Let w(s) be the first derivative of s**3/3 + 3*s**2 - 6*s - 41. Let z(r) = -11*r - 1. Let x(o) = 1. Let h(g) = 4*x(g) - z(g). Let k be h(-1). Calculate w(k).
-6
Let l(k) = k**3 + 4*k**2 + 2*k + 7. Suppose -45 = 9*d, 3*d + 13 = -4*g - 18. Dete